{"id":9,"date":"2017-11-13T21:54:27","date_gmt":"2017-11-13T20:54:27","guid":{"rendered":"https:\/\/forum.accouvin.be\/?page_id=9"},"modified":"2018-09-05T10:56:18","modified_gmt":"2018-09-05T08:56:18","slug":"contact","status":"publish","type":"page","link":"https:\/\/www.accouvin.be\/-\/contact\/","title":{"rendered":"Contact"},"content":{"rendered":"<h3 class=\"texte\">Pour toute info ou remarque contactez le secr\u00e9taire<\/h3>\n<p><strong>Alain Destr\u00e9e<\/strong><\/p>\n<dl>\n<dd>Rue du palija, 2<br \/>\n5660 Boussu en fagne<\/dd>\n<dd><\/dd>\n<dd>0498\/082464<\/dd>\n<dd>060\/344662<\/dd>\n<dd><\/dd>\n<dd><a href=\"mailto:secretaire@accouvin.be\"><strong>secretaire@accouvin.be<\/strong><\/a><\/dd>\n<\/dl>\n<h3 class=\"texte\">Pour une remarque concernant le site<\/h3>\n<p class=\"texte\"><a href=\"mailto:webmaster@accouvin.be\"><strong>webmaster@accouvin.be<\/strong><\/a><\/p>\n<h3><a name=\"install\"><\/a>Comment acc\u00e9der \u00e0 nos installations?<\/h3>\n<p>Les entra\u00eenements et le cross du club se d\u00e9roulent \u00e0 notre terrain, qui se situe pr\u00e8s des grottes de Neptune, juste \u00e0 cot\u00e9 de la N5&#8230;<\/p>\n<h4>Adresse<\/h4>\n<p><span class=\"section-info-text\"><span class=\"widget-pane-link\">Rue de L&rsquo;adujoir,<br \/>\n5660 Couvin<\/span><\/span><\/p>\n<h4>Plan<\/h4>\n<div class=\"leaflet-map WPLeafletMap\" style=\"height:300px; width:100%;\"><\/div><script>\nwindow.WPLeafletMapPlugin = window.WPLeafletMapPlugin || [];\nwindow.WPLeafletMapPlugin.push(function WPLeafletMapShortcode() {\/*<script>*\/\nvar baseUrl = atob('aHR0cHM6Ly90aWxlLm9wZW5zdHJlZXRtYXAub3JnL3t6fS97eH0ve3l9LnBuZw==');\nvar base = (!baseUrl && window.MQ) ?\n    window.MQ.mapLayer() : L.tileLayer(baseUrl,\n        L.Util.extend({}, {\n            detectRetina: 0,\n        },\n        {\"subdomains\":\"abc\",\"noWrap\":false,\"maxZoom\":19}        )\n    );\n    var options = L.Util.extend({}, {\n        layers: [base],\n        attributionControl: false\n    },\n    {\"zoomControl\":true,\"scrollWheelZoom\":true,\"doubleClickZoom\":false,\"fitBounds\":false,\"minZoom\":0,\"maxZoom\":19,\"maxBounds\":null,\"attribution\":\"<a href=\\\"http:\\\/\\\/leafletjs.com\\\" title=\\\"Une biblioth\\u00e8que JS pour des cartes interactives\\\">Leaflet<\\\/a>; \\u00a9 <a href=\\\"http:\\\/\\\/www.openstreetmap.org\\\/copyright\\\">OpenStreetMap<\\\/a> contributeurs\\\/contributrices\"},\n    {});\nwindow.WPLeafletMapPlugin.createMap(options).setView([50.069,4.5092],14);});<\/script>\n<script>\nwindow.WPLeafletMapPlugin = window.WPLeafletMapPlugin || [];\nwindow.WPLeafletMapPlugin.push(function WPLeafletMarkerShortcode() {\/*<script>*\/\nvar map = window.WPLeafletMapPlugin.getCurrentMap();\nvar group = window.WPLeafletMapPlugin.getCurrentGroup();\nvar marker_options = window.WPLeafletMapPlugin.getIconOptions({});\nvar marker = L.marker(\n    [0,0],\n    marker_options\n);\nvar is_image = map.is_image_map;\n    marker.setLatLng( map.getCenter() );\nif (marker_options.draggable) {\n    marker.on('dragend', function () {\n        var latlng = this.getLatLng();\n        var lat = latlng.lat;\n        var lng = latlng.lng;\n        if (is_image) {\n            console.log('leaflet-marker y=' + lat + ' x=' + lng);\n        } else {\n            console.log('leaflet-marker lat=' + lat + ' lng=' + lng);\n        }\n    });\n}\nmarker.addTo( group );\nmarker.bindPopup(window.WPLeafletMapPlugin.unescape('C&amp;rsquo;est ici!'));window.WPLeafletMapPlugin.markers.push( marker );\n        });<\/script>\n","protected":false},"excerpt":{"rendered":"<p>Pour toute info ou remarque contactez le secr\u00e9taire Alain Destr\u00e9e Rue du palija, 2 5660 Boussu en fagne 0498\/082464 060\/344662 secretaire@accouvin.be Pour une remarque concernant le site webmaster@accouvin.be Comment acc\u00e9der \u00e0 nos installations? Les entra\u00eenements et le cross du club se d\u00e9roulent \u00e0 notre terrain, qui se situe pr\u00e8s des grottes de Neptune, juste \u00e0 [&hellip;]<\/p>\n","protected":false},"author":1,"featured_media":0,"parent":0,"menu_order":0,"comment_status":"closed","ping_status":"closed","template":"","meta":{"_crdt_document":"","footnotes":""},"class_list":["post-9","page","type-page","status-publish","hentry"],"_links":{"self":[{"href":"https:\/\/www.accouvin.be\/-\/wp-json\/wp\/v2\/pages\/9","targetHints":{"allow":["GET"]}}],"collection":[{"href":"https:\/\/www.accouvin.be\/-\/wp-json\/wp\/v2\/pages"}],"about":[{"href":"https:\/\/www.accouvin.be\/-\/wp-json\/wp\/v2\/types\/page"}],"author":[{"embeddable":true,"href":"https:\/\/www.accouvin.be\/-\/wp-json\/wp\/v2\/users\/1"}],"replies":[{"embeddable":true,"href":"https:\/\/www.accouvin.be\/-\/wp-json\/wp\/v2\/comments?post=9"}],"version-history":[{"count":14,"href":"https:\/\/www.accouvin.be\/-\/wp-json\/wp\/v2\/pages\/9\/revisions"}],"predecessor-version":[{"id":1380,"href":"https:\/\/www.accouvin.be\/-\/wp-json\/wp\/v2\/pages\/9\/revisions\/1380"}],"wp:attachment":[{"href":"https:\/\/www.accouvin.be\/-\/wp-json\/wp\/v2\/media?parent=9"}],"curies":[{"name":"wp","href":"https:\/\/api.w.org\/{rel}","templated":true}]}}