{"id":40,"date":"2017-11-14T13:01:41","date_gmt":"2017-11-14T12:01:41","guid":{"rendered":"https:\/\/forum.accouvin.be\/?page_id=40"},"modified":"2025-12-29T11:26:16","modified_gmt":"2025-12-29T10:26:16","slug":"cross-des-grottes-de-neptune","status":"publish","type":"page","link":"https:\/\/www.accouvin.be\/-\/cross-des-grottes-de-neptune\/","title":{"rendered":"20\u00b0 Cross des Grottes de Neptune, 55\u00b0 Cross country de Couvin"},"content":{"rendered":"\r\n<h3>Dimanche 11 janvier 2026<\/h3>\r\n<p>Annonce officielle : <a href=\"https:\/\/www.athle4you.be\/\" target=\"_blank\" rel=\"noopener\"><strong>athle4you<\/strong><\/a><\/p>\r\n<p style=\"text-align: left;\"><a href=\"https:\/\/www.accouvin.be\/-\/contact\/#install\">Rue de l&rsquo;adujoir \u00e0 Couvin<\/a><\/p>\r\n<table border=\"1\" width=\"646\">\r\n<tbody>\r\n<tr>\r\n<td width=\"61\">\r\n<p>12h30<\/p>\r\n<\/td>\r\n<td width=\"450\">\r\n<p>Cad. &amp; Cross court dames \u00e0 partir de Juniores<\/p>\r\n<\/td>\r\n<td width=\"136\">\r\n<p>2000m 1PT +1GT<\/p>\r\n<\/td>\r\n<\/tr>\r\n<tr>\r\n<td width=\"61\">\r\n<p>12h45<\/p>\r\n<\/td>\r\n<td width=\"450\">\r\n<p>Cadets gar\u00e7ons<\/p>\r\n<\/td>\r\n<td width=\"136\">\r\n<p>\u00a02000m 1PT +1GT<\/p>\r\n<\/td>\r\n<\/tr>\r\n<tr>\r\n<td width=\"61\">\r\n<p>13h00<\/p>\r\n<\/td>\r\n<td width=\"450\">\r\n<p>Scol. Gar\u00e7ons &amp; Cross court hommes \u00e0 partir de junior<\/p>\r\n<\/td>\r\n<td width=\"136\">\r\n<p>3000m 2GT<\/p>\r\n<\/td>\r\n<\/tr>\r\n<tr>\r\n<td rowspan=\"2\" width=\"61\">\r\n<p>13h15<\/p>\r\n<\/td>\r\n<td width=\"450\">\r\n<p>Scolaires dames<\/p>\r\n<\/td>\r\n<td width=\"136\">\r\n<p>3000m 2GT<\/p>\r\n<\/td>\r\n<\/tr>\r\n<tr>\r\n<td width=\"450\">\r\n<p>Juniores, seniores &amp; masters dames<\/p>\r\n<\/td>\r\n<td width=\"136\">\r\n<p>4500m\u00a0 3 GT<\/p>\r\n<\/td>\r\n<\/tr>\r\n<tr>\r\n<td width=\"61\">\r\n<p>13h 35<\/p>\r\n<\/td>\r\n<td width=\"450\">\r\n<p>Kangourous<\/p>\r\n<\/td>\r\n<td width=\"136\">\r\n<p>500m 1PT<\/p>\r\n<\/td>\r\n<\/tr>\r\n<tr>\r\n<td width=\"61\">\r\n<p>13h40<\/p>\r\n<\/td>\r\n<td width=\"450\">\r\n<p>Benjamines<\/p>\r\n<\/td>\r\n<td width=\"136\">\r\n<p>500m 1PT<\/p>\r\n<\/td>\r\n<\/tr>\r\n<tr>\r\n<td width=\"61\">\r\n<p>13h45<\/p>\r\n<\/td>\r\n<td width=\"450\">\r\n<p>Benjamins<\/p>\r\n<\/td>\r\n<td width=\"136\">\r\n<p>500m 1PT<\/p>\r\n<\/td>\r\n<\/tr>\r\n<tr>\r\n<td width=\"61\">\r\n<p>13h50<\/p>\r\n<\/td>\r\n<td width=\"450\">\r\n<p>Pupilles F<\/p>\r\n<\/td>\r\n<td width=\"136\">\r\n<p>1000m 2 PT<\/p>\r\n<\/td>\r\n<\/tr>\r\n<tr>\r\n<td width=\"61\">\r\n<p>14h00<\/p>\r\n<\/td>\r\n<td width=\"450\">\r\n<p>Pupilles G<\/p>\r\n<\/td>\r\n<td width=\"136\">\r\n<p>1000m 2 PT<\/p>\r\n<\/td>\r\n<\/tr>\r\n<tr>\r\n<td width=\"61\">\r\n<p>14h10<\/p>\r\n<\/td>\r\n<td width=\"450\">\r\n<p>Minimes F<\/p>\r\n<\/td>\r\n<td width=\"136\">\r\n<p>1500m 1GT<\/p>\r\n<\/td>\r\n<\/tr>\r\n<tr>\r\n<td width=\"61\">\r\n<p>14h20<\/p>\r\n<\/td>\r\n<td width=\"450\">\r\n<p>Minimes G<\/p>\r\n<\/td>\r\n<td width=\"136\">\r\n<p>1500m 1GT<\/p>\r\n<\/td>\r\n<\/tr>\r\n<tr>\r\n<td rowspan=\"2\" width=\"61\">\r\n<p>14h30<\/p>\r\n<\/td>\r\n<td width=\"450\">\r\n<p>Juniors<\/p>\r\n<\/td>\r\n<td width=\"136\">\r\n<p>6000m 4GT<\/p>\r\n<\/td>\r\n<\/tr>\r\n<tr>\r\n<td width=\"450\">\r\n<p>Masters &amp; Seniors<\/p>\r\n<\/td>\r\n<td width=\"136\">\r\n<p>7500m 5GT<\/p>\r\n<\/td>\r\n<\/tr>\r\n<\/tbody>\r\n<\/table>\r\n<p>&nbsp;<\/p>\r\n","protected":false},"excerpt":{"rendered":"<p>Dimanche 11 janvier 2026 Annonce officielle : athle4you Rue de l&rsquo;adujoir \u00e0 Couvin 12h30 Cad. &amp; Cross court dames \u00e0 partir de Juniores 2000m 1PT +1GT 12h45 Cadets gar\u00e7ons \u00a02000m 1PT +1GT 13h00 Scol. Gar\u00e7ons &amp; Cross court hommes \u00e0 partir de junior 3000m 2GT 13h15 Scolaires dames 3000m 2GT Juniores, seniores &amp; masters dames [&hellip;]<\/p>\n","protected":false},"author":1,"featured_media":0,"parent":0,"menu_order":0,"comment_status":"closed","ping_status":"closed","template":"","meta":{"_crdt_document":"","footnotes":""},"class_list":["post-40","page","type-page","status-publish","hentry"],"_links":{"self":[{"href":"https:\/\/www.accouvin.be\/-\/wp-json\/wp\/v2\/pages\/40","targetHints":{"allow":["GET"]}}],"collection":[{"href":"https:\/\/www.accouvin.be\/-\/wp-json\/wp\/v2\/pages"}],"about":[{"href":"https:\/\/www.accouvin.be\/-\/wp-json\/wp\/v2\/types\/page"}],"author":[{"embeddable":true,"href":"https:\/\/www.accouvin.be\/-\/wp-json\/wp\/v2\/users\/1"}],"replies":[{"embeddable":true,"href":"https:\/\/www.accouvin.be\/-\/wp-json\/wp\/v2\/comments?post=40"}],"version-history":[{"count":53,"href":"https:\/\/www.accouvin.be\/-\/wp-json\/wp\/v2\/pages\/40\/revisions"}],"predecessor-version":[{"id":1891,"href":"https:\/\/www.accouvin.be\/-\/wp-json\/wp\/v2\/pages\/40\/revisions\/1891"}],"wp:attachment":[{"href":"https:\/\/www.accouvin.be\/-\/wp-json\/wp\/v2\/media?parent=40"}],"curies":[{"name":"wp","href":"https:\/\/api.w.org\/{rel}","templated":true}]}}